e of 102?
False
Is 137368 a multiple of 11?
True
Is 616803 a multiple of 33?
True
Is 802662 a multiple of 174?
True
Is 1669613 a multiple of 213?
False
Is 5767612 a multiple of 386?
True
Is 2 a factor of 18471?
False
Does 5 divide 12120?
True
Is 568861 a multiple of 19?
False
Does 121 divide 4871339?
True
Is 24381 a multiple of 63?
True
Does 4 divide 3768?
True
Is 9 a factor of 3647943?
True
Is 71 a factor of 32897?
False
Is 31 a factor of 56668?
True
Is 4111914 a multiple of 31?
False
Is 102214 a multiple of 48?
False
Is 108927 a multiple of 155?
False
Is 337 a factor of 743085?
True
Does 41 divide 410410?
True
Does 73 divide 14747460?
True
Is 185088 a multiple of 24?
True
Is 626416 a multiple of 49?
True
Is 20 a factor of 337580?
True
Does 21 divide 719964?
True
Is 207895 a multiple of 365?
False
Is 240 a factor of 189919?
False
Is 4 a factor of 659169?
False
Is 11818125 a multiple of 13?
False
Is 8 a factor of 77264?
True
Is 58 a factor of 19431?
False
Is 5590760 a multiple of 280?
True
Does 873 divide 2353790?
False
Does 129 divide 1227471?
False
Does 5 divide 443179?
False
Is 16366742 a multiple of 2359?
True
Is 364809 a multiple of 277?
True
Is 1984528 a multiple of 94?
True
Is 11 a factor of 7623?
True
Is 291 a factor of 701309?
False
Is 246896 a multiple of 14?
False
Does 113 divide 332107?
True
Does 39 divide 5307237?
True
Does 61 divide 61738?
False
Is 343539 a multiple of 100?
False
Is 1199 a multiple of 5?
False
Is 19 a factor of 331892?
True
Does 11 divide 3206522?
True
Is 71 a factor of 11017354?
True
Does 69 divide 7199598?
True
Is 37 a factor of 14319?
True
Is 22 a factor of 563676?
False
Does 16 divide 5633648?
True
Is 4676133 a multiple of 11?
True
Does 6 divide 20250?
True
Does 15 divide 115518?
False
Is 9 a factor of 4582104?
False
Is 87 a factor of 146769?
True
Is 96 a factor of 29856?
True
Does 91 divide 21385?
True
Is 12 a factor of 184368?
True
Does 1156 divide 603798?
False
Does 116 divide 146044?
True
Is 24 a factor of 100512?
True
Does 43 divide 153682?
True
Does 1934 divide 6502108?
True
Does 28 divide 18474597?
False
Is 2 a factor of 57209?
False
Does 688 divide 283239?
False
Does 30 divide 7611510?
True
Does 25 divide 498471?
False
Is 956 a factor of 3069716?
True
Is 24 a factor of 277560?
True
Is 9411160 a multiple of 35?
False
Is 1405600 a multiple of 1757?
True
Is 15480 a multiple of 90?
True
Is 1192284 a multiple of 1116?
False
Is 1268588 a multiple of 684?
False
Is 7411290 a multiple of 69?
True
Is 227 a factor of 6488341?
True
Is 181 a factor of 116834?
False
Is 92460 a multiple of 60?
True
Is 31 a factor of 9999794?
True
Is 36906 a multiple of 14?
False
Is 4440995 a multiple of 508?
False
Is 3356556 a multiple of 14?
True
Is 171 a factor of 32521977?
True
Is 36 a factor of 54324?
True
Does 11 divide 2547452?
False
Is 12 a factor of 1609884?
True
Is 74 a factor of 6599986?
True
Does 16 divide 4224?
True
Does 3 divide 4960460?
False
Is 1845590 a multiple of 40?
False
Does 20 divide 6375040?
True
Is 4 a factor of 148814?
False
Does 605 divide 911735?
True
Is 518738 a multiple of 19?
True
Is 58 a factor of 2138866?
True
Is 7 a factor of 13171?
False
Is 162 a factor of 227474?
False
Is 34136 a multiple of 16?
False
Is 87334 a multiple of 18?
False
Is 880 a factor of 4628692?
False
Is 59102 a multiple of 307?
False
Is 318480 a multiple of 15?
True
Is 79105 a multiple of 411?
False
Is 5034183 a multiple of 777?
True
Is 11986 a multiple of 26?
True
Is 25 a factor of 490726?
False
Is 1365216 a multiple of 6?
True
Is 5453074 a multiple of 311?
True
Is 41 a factor of 1817120?
True
Is 1252252 a multiple of 215?
False
Is 30750 a multiple of 615?
True
Is 883050 a multiple of 150?
True
Is 11 a factor of 185853?
False
Is 39 a factor of 4574465?
False
Is 14 a factor of 819070?
True
Is 4342986 a multiple of 18?
True
Is 32054 a multiple of 53?
False
Is 55670 a multiple of 118?
False
Is 18 a factor of 5760?
True
Does 125 divide 1352750?
True
Does 10 divide 7194221?
False
Is 155 a factor of 24955?
True
Does 31 divide 1172706?
False
Does 14 divide 370879?
False
Is 17 a factor of 238799?
True
Is 36 a factor of 703084?
False
Is 936 a factor of 5380994?
False
Is 47 a factor of 2280334?
False
Is 51922 a multiple of 44?
False
Is 148 a factor of 1920287?
False
Does 3 divide 441098?
False
Is 1727291 a multiple of 5?
False
Is 57 a factor of 452701?
False
Does 5 divide 261681?
False
Does 23 divide 7509063?
True
Does 449 divide 5652591?
False
Is 45 a factor of 581952?
False
Is 579 a factor of 694800?
True
Is 126 a factor of 1508888?
False
Is 850 a factor of 214752?
False
Does 23 divide 448602?
False
Is 89 a factor of 7083732?
False
Is 40 a factor of 1969538?
False
Is 311 a factor of 4125265?
False
Is 10 a factor of 130126?
False
Is 807337 a multiple of 3?
False
Is 9667 a multiple of 7?
True
Is 3878060 a multiple of 97?
True
Is 12605220 a multiple of 124?
True
Is 2342966 a multiple of 38?
True
Is 7 a factor of 6924?
False
Is 4836961 a multiple of 31?
True
Is 9 a factor of 7734161?
False
Is 268 a factor of 298507?
False
Does 532 divide 162260?
True
Is 4325238 a multiple of 730?
False
Is 3593520 a multiple of 434?
True
Is 2232842 a multiple of 22?
False
Is 14 a factor of 1595832?
True
Does 201 divide 80400?
True
Is 425290 a multiple of 710?
True
Is 239 a factor of 186059?
False
Is 1107680 a multiple of 46?
True
Is 86800 a multiple of 62?
True
Is 27 a factor of 22248?
True
Is 21 a factor of 21831833?
False
Is 58 a factor of 5858?
True
Is 29233 a multiple of 41?
True
Is 814200 a multiple of 230?
True
Is 302 a factor of 367836?
True
Is 192275 a multiple of 130?
False
Is 14 a factor of 16329?
False
Is 18 a factor of 1381500?
True
Does 43 divide 36206?
True
Is 41829 even?
False
Is 8410605 a multiple of 105?
True
Does 387 divide 232974?
True
Is 1551330 a multiple of 193?
False
Is 1281444 a multiple of 435?
False
Is 1421294 a multiple of 49?
True
Does 498 divide 3546810?
False
Is 1166004 a multiple of 84?
True
Does 166 divide 249000?
True
Does 85 divide 297040?
False
Is 152587 a multiple of 11?
False
Does 1032 divide 1390257?
False
Does 78 divide 2189740?
False
Is 14 a factor of 512960?
True
Does 18 divide 2317037?
False
Is 101624 a multiple of 4?
True
Is 272801 a multiple of 492?
False
Does 50 divide 975350?
True
Is 457 a factor of 135019?
False
Is 18745 a multiple of 8?
False
Is 865432 a multiple of 81?
False
Is 100 a factor of 63393?
False
Is 55 a factor of 69873?
False
Is 322640 a multiple of 16?
True
Is 256 a factor of 781056?
True
Is 13 a factor of 284613?
False
Is 42 a factor of 7330680?
True
Is 49276 a multiple of 2?
True
Is 671627 a multiple of 791?
False
Does 227 divide 6680085?
False
Does 139 divide 576411?
False
Is 38 a factor of 430521?
False
Is 95700 a multiple of 116?
True
Is 4169063 a multiple of 498?
False
Does 68 divide 595340?
True
Is 112 a factor of 30835?
False
Is 18 a factor of 608435?
False
Is 172 a factor of 2101486?
False
Is 668655 a multiple of 351?
True
Does 159 divide 2006135?
False
Is 149 a factor of 20187?
False
Is 180076 a multiple of 319?
False
Is 293443 a multiple of 401?
False
Does 14 divide 664118?
True
Is 431396 a multiple of 98?
True
Is 483885 a multiple of 15?
True
Is 152 a factor of 118297?
False
Does 6 divide 706518?
True
Is 6987632 a multiple of 221?
False
Is 179 a factor of 327212?
True
Is 51 a factor of 5574?
False
Is 8 a factor of 6450128?
True
Is 14295 a multiple of 15?
True
Is 80 a factor of 892480?
True
Is 13 a factor of 1057624?
False
Is 44 a factor of 295020?
True
Does 3 divide 176355?
True
Is 72 a factor of 1053576?
True
Is 6 a factor of 272080?
False
Is 29580 a multiple of 58?
True
Is 701 a factor of 5546279?
False
Does 384 divide 205207?
False
Does 44 divide 225764?
True
Is 401 a factor of 4277394?
False
Is 971796 a multiple of 14?
True
Is 4964 a multiple of 17?
True
Is 3053 a multiple of 36?
False
Does 46 divide 809324?
True
Is 1645024 a multiple of 15?
False
Is 473963 a multiple of 84?
False
Is 87 a factor of 81693?
True
Is 387 a factor of 11178808?
False
Is 6772599 a multiple of 27?
True
Is 227 a factor of 4168628?
True
Is 654133 a multiple of 89?
False
Is 906759 a multiple of 1167?
True
Is 37 a factor of 1506914?
False
Does 552 divide 1500888?
True
Is 1949164 a multiple of 8?
False
Does 1